9685 is divided by 87.
23
Calculate the remainder when 2702 is divided by 1330.
42
Calculate the remainder when 85012 is divided by 48.
4
Calculate the remainder when 59 is divided by 29.
1
Calculate the remainder when 30175 is divided by 3771.
7
What is the remainder when 12572 is divided by 81?
17
What is the remainder when 1475 is divided by 26?
19
What is the remainder when 6666 is divided by 3325?
16
Calculate the remainder when 2821169 is divided by 669.
665
Calculate the remainder when 387737 is divided by 5702.
1
Calculate the remainder when 375611 is divided by 554.
553
Calculate the remainder when 349682 is divided by 1451.
1442
Calculate the remainder when 148 is divided by 118.
30
What is the remainder when 4060 is divided by 16?
12
What is the remainder when 2049485 is divided by 203?
200
What is the remainder when 72112 is divided by 18028?
0
What is the remainder when 14134 is divided by 23?
12
Calculate the remainder when 188092 is divided by 38.
30
Calculate the remainder when 18998 is divided by 4747.
10
What is the remainder when 36022 is divided by 350?
322
What is the remainder when 965686 is divided by 11?
7
Calculate the remainder when 966131 is divided by 26.
23
Calculate the remainder when 11435 is divided by 221.
164
Calculate the remainder when 21754 is divided by 7185.
199
Calculate the remainder when 5631 is divided by 92.
19
Calculate the remainder when 1037117 is divided by 25.
17
What is the remainder when 4960 is divided by 2478?
4
Calculate the remainder when 150 is divided by 143.
7
What is the remainder when 29513 is divided by 461?
9
What is the remainder when 340847 is divided by 526?
525
What is the remainder when 34142 is divided by 34134?
8
Calculate the remainder when 16714 is divided by 3335.
39
Calculate the remainder when 26110 is divided by 2373.
7
Calculate the remainder when 44930 is divided by 215.
210
What is the remainder when 18233 is divided by 17?
9
Calculate the remainder when 146572 is divided by 65.
62
Calculate the remainder when 138525 is divided by 117.
114
Calculate the remainder when 30185 is divided by 45.
35
Calculate the remainder when 880 is divided by 176.
0
Calculate the remainder when 2160 is divided by 2120.
40
What is the remainder when 96703 is divided by 16?
15
What is the remainder when 7365 is divided by 54?
21
Calculate the remainder when 5949 is divided by 18.
9
What is the remainder when 692155 is divided by 94?
33
Calculate the remainder when 27619 is divided by 27.
25
Calculate the remainder when 18246 is divided by 125.
121
What is the remainder when 9027 is divided by 4506?
15
Calculate the remainder when 12963 is divided by 564.
555
Calculate the remainder when 228 is divided by 145.
83
What is the remainder when 8826 is divided by 195?
51
What is the remainder when 40065 is divided by 431?
413
What is the remainder when 4278 is divided by 852?
18
What is the remainder when 41759 is divided by 14?
11
Calculate the remainder when 97199 is divided by 240.
239
Calculate the remainder when 5139 is divided by 112.
99
What is the remainder when 17974 is divided by 5983?
25
What is the remainder when 137164 is divided by 6855?
64
Calculate the remainder when 17475 is divided by 530.
515
What is the remainder when 248599 is divided by 2511?
10
What is the remainder when 3277 is divided by 31?
22
What is the remainder when 2502 is divided by 1248?
6
Calculate the remainder when 33218 is divided by 52.
42
What is the remainder when 428841 is divided by 24?
9
Calculate the remainder when 2468 is divided by 438.
278
What is the remainder when 42242 is divided by 14041?
119
Calculate the remainder when 97629 is divided by 10844.
33
What is the remainder when 33209 is divided by 2180?
509
What is the remainder when 17421 is divided by 2465?
166
Calculate the remainder when 905970 is divided by 244.
242
Calculate the remainder when 12122 is divided by 13.
6
Calculate the remainder when 4596 is divided by 26.
20
What is the remainder when 1474254 is divided by 4607?
14
Calculate the remainder when 8444 is divided by 227.
45
What is the remainder when 1222712 is divided by 305678?
0
Calculate the remainder when 6831 is divided by 19.
10
What is the remainder when 19087 is divided by 25?
12
Calculate the remainder when 14422 is divided by 261.
67
What is the remainder when 18635 is divided by 398?
327
Calculate the remainder when 1328 is divided by 1323.
5
Calculate the remainder when 57349 is divided by 8180.
89
Calculate the remainder when 72 is divided by 17.
4
Calculate the remainder when 1298639 is divided by 12.
11
What is the remainder when 3070 is divided by 1474?
122
What is the remainder when 7951 is divided by 326?
127
Calculate the remainder when 79626 is divided by 168.
162
What is the remainder when 433616 is divided by 495?
491
Calculate the remainder when 6683 is divided by 22.
17
What is the remainder when 1174 is divided by 782?
392
What is the remainder when 12442 is divided by 1244?
2
What is the remainder when 883 is divided by 880?
3
Calculate the remainder when 358872 is divided by 495.
492
Calculate the remainder when 8342 is divided by 149.
147
What is the remainder when 53556 is divided by 20?
16
What is the remainder when 13394 is divided by 158?
122
Calculate the remainder when 18763 is divided by 277.
204
What is the remainder when 634830 is divided by 118?
108
What is the remainder when 554 is divided by 258?
38
What is the remainder when 384831 is divided by 56?
55
What is the remainder when 268376 is divided by 11?
9
Calculate the remainder when 111185 is divided by 213.
212
Calculate the remainder when 14190 is divided by 930.
240
Calculate the remainder when 2697 is divided by 60.
57
Calculate the remainder when 5744 is divided by 96.
80
What is the remainder when 33106 is divided by 86?
82
What is the remainder when 526 is divided by 520?
6
What is the remainder when 1116 is divided by 1084?
32
Calculate the remainder when 6010 is divided by 81.
16
Calculate the remainder when 13305 is divided by 93.
6
What is the remainder when 69718 is divided by 17405?
98
What is the remainder when 6879 is divided by 168?
159
What is the remainder when 186063 is divided by 8?
7
Calculate the remainder when 15473 is divided by 218.
213
What is the remainder when 36147 is divided by 1753?
1087
Calculate the remainder when 8332 is divided by 4165.
2
Calculate the remainder when 3167 is divided by 3035.
132
Calculate the remainder when 1614 is divided by 324.
318
What is the remainder when 27568 is divided by 331?
95
Calculate the remainder when 16218 is divided by 112.
90
What is the remainder when 22877 is divided by 7624?
5
Calculate the remainder when 11840 is divided by 986.
8
Calculate the remainder when 3361 is divided by 380.
321
What is the remainder when 7351047 is divided by 1050?
1047
Calculate the remainder when 15831 is divided by 60.
51
What is the remainder when 22482 is divided by 227?
9
What is the remainder when 24477 is divided by 89?
2
Calculate the remainder when 114399 is divided by 59.
57
What is the remainder when 8033 is divided by 357?
179
What is the remainder when 1134216 is divided by 701?
699
Calculate the remainder when 40798 is divided by 3397.
34
What is the remainder when 62241 is divided by 31119?
3
Calculate the remainder when 174188 is divided by 191.
187
Calculate the remainder when 105111 is divided by 876.
867
Calculate the remainder when 3269 is divided by 170.
39
What is the remainder when 29539 is divided by 7384?
3
What is the remainder when 281130 is divided by 67?
65
What is the remainder when 278061 is divided by 513?
15
What is the remainder when 3275 is divided by 302?
255
What is the remainder when 180289 is divided by 10?
9
Calculate the remainder when 26487 is divided by 18.
9
Calculate the remainder when 8340 is divided by 119.
10
Calculate the remainder when 1435 is divided by 22.
5
Calculate the remainder when 14423 is divided by 7147.
129
Calculate the remainder when 17066 is divided by 2188.
1750
What is the remainder when 52156 is divided by 158?
16
What is the remainder when 77707 is divided by 536?
523
Calculate the remainder when 10918 is divided by 2713.
66
What is the remainder when 2435 is divi